{"id":8,"date":"2020-08-21T12:07:01","date_gmt":"2020-08-21T10:07:01","guid":{"rendered":"http:\/\/cascadedebois.fr\/?page_id=8"},"modified":"2026-01-21T22:20:49","modified_gmt":"2026-01-21T21:20:49","slug":"accueil","status":"publish","type":"page","link":"http:\/\/cascadedebois.fr\/","title":{"rendered":"La fili\u00e8res bois innove pour le d\u00e9veloppement de l&rsquo;alpinisme"},"content":{"rendered":"\n<p><em>Cascade de bois<\/em>\u00ae un sport d\u00e9velopp\u00e9 pour orchestrer la rencontre des fili\u00e8res sylviculture, <strong>for\u00eat, bois<\/strong>-construction, BTP avec l\u2019<strong>univers de la montagne, de la verticalit\u00e9<\/strong> en lui apportant un nouveau lieu d\u2019expression, un nouveau milieu ambiant. <\/p>\n\n\n\n<p>Une grimpe vertigineuse, \u00ab&nbsp;sensationnelle&nbsp;\u00bb <strong>crampons piolets<\/strong> <strong>sur support bois<\/strong> qui se pratique :<\/p>\n\n\n\n<p><strong>En for\u00eat<\/strong> sur des voies naturelles (les arbres juste avant la coupe de pr\u00e9l\u00e8vement), <\/p>\n\n\n\n<p><strong>En ville<\/strong> sur des voies de grimpe (en voiles de bois CLT) sur des fa\u00e7ades d\u2019immeubles et des totems.<\/p>\n\n\n\n<p>Un sport sensationnel mis en lumi\u00e8re par le Forum Bois Construction Paris 2026. Une voie de Cascade de bois rebaptis\u00e9e \u00ab\u00a0Mur du climat, Woodclimb\u00a0\u00bb install\u00e9e devant le Grand Palais pour mettre en avant l&rsquo;innovation dans le secteur bois. <\/p>\n\n\n\n<figure class=\"wp-block-image size-large\"><img loading=\"lazy\" width=\"1024\" height=\"723\" src=\"http:\/\/cascadedebois.fr\/wp-content\/uploads\/2026\/01\/ARBRIS-Grand-palais-jour-zoom-V3-1024x723.jpg\" alt=\"\" class=\"wp-image-883\" srcset=\"http:\/\/cascadedebois.fr\/wp-content\/uploads\/2026\/01\/ARBRIS-Grand-palais-jour-zoom-V3-1024x723.jpg 1024w, http:\/\/cascadedebois.fr\/wp-content\/uploads\/2026\/01\/ARBRIS-Grand-palais-jour-zoom-V3-300x212.jpg 300w, http:\/\/cascadedebois.fr\/wp-content\/uploads\/2026\/01\/ARBRIS-Grand-palais-jour-zoom-V3-768x542.jpg 768w, http:\/\/cascadedebois.fr\/wp-content\/uploads\/2026\/01\/ARBRIS-Grand-palais-jour-zoom-V3-1536x1085.jpg 1536w, http:\/\/cascadedebois.fr\/wp-content\/uploads\/2026\/01\/ARBRIS-Grand-palais-jour-zoom-V3-2048x1446.jpg 2048w\" sizes=\"(max-width: 767px) 89vw, (max-width: 1000px) 54vw, (max-width: 1071px) 543px, 580px\" \/><\/figure>\n\n\n\n<p>Cette <strong>nouvelle<\/strong> <strong>activit\u00e9 r\u00e9cr\u00e9ative Woodclimb<\/strong> (Cascade de bois) a \u00e9t\u00e9 cr\u00e9\u00e9 en 2021 dans le cadre du salon de la construction bois grande hauteur <strong>Woodrise<\/strong> gr\u00e2ce \u00e0 l&rsquo;implication active du FCBA, du CRPF, de l&rsquo;ONF, de Plantons pour l\u2019Avenir, de la Fibois, d&rsquo;Adr\u00e9naline, de Piveteau&#8230; avec le soutien de la F\u00e9d\u00e9ration Fran\u00e7aise des clubs Alpins et de Montagne (FFCAM).<\/p>\n\n\n\n<p>Voie de Cascade de bois Grue Wellman : 14 m de haut avec 2 voies d&rsquo;initiation dans la dalle et 2 voies de comp\u00e9tition dans de d\u00e9vers (de 10\u00b0). Une vue imprenable sur les bassins \u00e0 flots, la cit\u00e9 du vin depuis la terrasse perch\u00e9e \u00e0 3 m sur les containers et depuis la voie.<\/p>\n\n\n\n<figure class=\"wp-block-image size-large\"><img loading=\"lazy\" width=\"880\" height=\"600\" src=\"http:\/\/cascadedebois.fr\/wp-content\/uploads\/2025\/01\/Affiche-UCM-CDB-recto-verso.jpg\" alt=\"\" class=\"wp-image-810\" srcset=\"http:\/\/cascadedebois.fr\/wp-content\/uploads\/2025\/01\/Affiche-UCM-CDB-recto-verso.jpg 880w, http:\/\/cascadedebois.fr\/wp-content\/uploads\/2025\/01\/Affiche-UCM-CDB-recto-verso-300x205.jpg 300w, http:\/\/cascadedebois.fr\/wp-content\/uploads\/2025\/01\/Affiche-UCM-CDB-recto-verso-768x524.jpg 768w\" sizes=\"(max-width: 767px) 89vw, (max-width: 1000px) 54vw, (max-width: 1071px) 543px, 580px\" \/><\/figure>\n\n\n\n<div class=\"wp-block-file\"><a href=\"http:\/\/cascadedebois.fr\/wp-content\/uploads\/2025\/01\/2024.12.21-Affiche-CDB.pdf\">Affiche UCM Cascade de bois<\/a><a href=\"http:\/\/cascadedebois.fr\/wp-content\/uploads\/2025\/01\/2024.12.21-Affiche-CDB.pdf\" class=\"wp-block-file__button\" download>T\u00e9l\u00e9charger<\/a><\/div>\n\n\n\n<figure class=\"wp-block-image size-large\"><img loading=\"lazy\" width=\"768\" height=\"1024\" src=\"http:\/\/cascadedebois.fr\/wp-content\/uploads\/2023\/07\/IMG_5172-768x1024.jpg\" alt=\"\" class=\"wp-image-586\" srcset=\"http:\/\/cascadedebois.fr\/wp-content\/uploads\/2023\/07\/IMG_5172-768x1024.jpg 768w, http:\/\/cascadedebois.fr\/wp-content\/uploads\/2023\/07\/IMG_5172-225x300.jpg 225w, http:\/\/cascadedebois.fr\/wp-content\/uploads\/2023\/07\/IMG_5172-1152x1536.jpg 1152w, http:\/\/cascadedebois.fr\/wp-content\/uploads\/2023\/07\/IMG_5172-1536x2048.jpg 1536w, http:\/\/cascadedebois.fr\/wp-content\/uploads\/2023\/07\/IMG_5172-scaled.jpg 1920w\" sizes=\"(max-width: 767px) 89vw, (max-width: 1000px) 54vw, (max-width: 1071px) 543px, 580px\" \/><figcaption>Grimpe dans le d\u00e9vers<\/figcaption><\/figure>\n\n\n\n<figure class=\"wp-block-image size-large\"><img loading=\"lazy\" width=\"768\" height=\"1024\" src=\"http:\/\/cascadedebois.fr\/wp-content\/uploads\/2023\/07\/IMG_5194-768x1024.jpg\" alt=\"\" class=\"wp-image-587\" srcset=\"http:\/\/cascadedebois.fr\/wp-content\/uploads\/2023\/07\/IMG_5194-768x1024.jpg 768w, http:\/\/cascadedebois.fr\/wp-content\/uploads\/2023\/07\/IMG_5194-225x300.jpg 225w, http:\/\/cascadedebois.fr\/wp-content\/uploads\/2023\/07\/IMG_5194-1152x1536.jpg 1152w, http:\/\/cascadedebois.fr\/wp-content\/uploads\/2023\/07\/IMG_5194-1536x2048.jpg 1536w, http:\/\/cascadedebois.fr\/wp-content\/uploads\/2023\/07\/IMG_5194-scaled.jpg 1920w\" sizes=\"(max-width: 767px) 89vw, (max-width: 1000px) 54vw, (max-width: 1071px) 543px, 580px\" \/><figcaption>A gauche grimpe d&rsquo;initiation dans la dalle et \u00e0 droite grimpe de perfectionnement dans le d\u00e9vers<\/figcaption><\/figure>\n\n\n\n<figure class=\"wp-block-image size-large\"><img loading=\"lazy\" width=\"768\" height=\"1024\" src=\"http:\/\/cascadedebois.fr\/wp-content\/uploads\/2023\/07\/IMG_5180-768x1024.jpg\" alt=\"\" class=\"wp-image-588\" srcset=\"http:\/\/cascadedebois.fr\/wp-content\/uploads\/2023\/07\/IMG_5180-768x1024.jpg 768w, http:\/\/cascadedebois.fr\/wp-content\/uploads\/2023\/07\/IMG_5180-225x300.jpg 225w, http:\/\/cascadedebois.fr\/wp-content\/uploads\/2023\/07\/IMG_5180-1152x1536.jpg 1152w, http:\/\/cascadedebois.fr\/wp-content\/uploads\/2023\/07\/IMG_5180-1536x2048.jpg 1536w, http:\/\/cascadedebois.fr\/wp-content\/uploads\/2023\/07\/IMG_5180-scaled.jpg 1920w\" sizes=\"(max-width: 767px) 89vw, (max-width: 1000px) 54vw, (max-width: 1071px) 543px, 580px\" \/><figcaption>Grimpe dans le d\u00e9vers inclin\u00e9 de 10\u00b0<\/figcaption><\/figure>\n","protected":false},"excerpt":{"rendered":"<p>Cascade de bois\u00ae un sport d\u00e9velopp\u00e9 pour orchestrer la rencontre des fili\u00e8res sylviculture, for\u00eat, bois-construction, BTP avec l\u2019univers de la montagne, de la verticalit\u00e9 en lui apportant un nouveau lieu d\u2019expression, un nouveau milieu ambiant. Une grimpe vertigineuse, \u00ab&nbsp;sensationnelle&nbsp;\u00bb crampons piolets sur support bois qui se pratique : En for\u00eat sur des voies naturelles (les &hellip; <\/p>\n<p class=\"link-more\"><a href=\"http:\/\/cascadedebois.fr\/\" class=\"more-link\">Continuer la lecture<span class=\"screen-reader-text\"> de &laquo;&nbsp;La fili\u00e8res bois innove pour le d\u00e9veloppement de l&rsquo;alpinisme&nbsp;&raquo;<\/span><\/a><\/p>\n","protected":false},"author":1,"featured_media":66,"parent":0,"menu_order":0,"comment_status":"closed","ping_status":"closed","template":"","meta":[],"_links":{"self":[{"href":"http:\/\/cascadedebois.fr\/index.php?rest_route=\/wp\/v2\/pages\/8"}],"collection":[{"href":"http:\/\/cascadedebois.fr\/index.php?rest_route=\/wp\/v2\/pages"}],"about":[{"href":"http:\/\/cascadedebois.fr\/index.php?rest_route=\/wp\/v2\/types\/page"}],"author":[{"embeddable":true,"href":"http:\/\/cascadedebois.fr\/index.php?rest_route=\/wp\/v2\/users\/1"}],"replies":[{"embeddable":true,"href":"http:\/\/cascadedebois.fr\/index.php?rest_route=%2Fwp%2Fv2%2Fcomments&post=8"}],"version-history":[{"count":16,"href":"http:\/\/cascadedebois.fr\/index.php?rest_route=\/wp\/v2\/pages\/8\/revisions"}],"predecessor-version":[{"id":884,"href":"http:\/\/cascadedebois.fr\/index.php?rest_route=\/wp\/v2\/pages\/8\/revisions\/884"}],"wp:featuredmedia":[{"embeddable":true,"href":"http:\/\/cascadedebois.fr\/index.php?rest_route=\/wp\/v2\/media\/66"}],"wp:attachment":[{"href":"http:\/\/cascadedebois.fr\/index.php?rest_route=%2Fwp%2Fv2%2Fmedia&parent=8"}],"curies":[{"name":"wp","href":"https:\/\/api.w.org\/{rel}","templated":true}]}}